git of 7799?
9
What is the ten thousands digit of 50269?
5
What is the hundreds digit of 2915?
9
What is the thousands digit of 1376?
1
What is the tens digit of 43261?
6
What is the hundreds digit of 2317?
3
What is the hundreds digit of 26050?
0
What is the thousands digit of 2137?
2
What is the units digit of 736?
6
What is the hundreds digit of 1138?
1
What is the hundreds digit of 117875?
8
What is the hundreds digit of 285?
2
What is the units digit of 191531?
1
What is the thousands digit of 10808?
0
What is the units digit of 9949?
9
What is the ten thousands digit of 23487?
2
What is the hundreds digit of 257?
2
What is the hundreds digit of 21354?
3
What is the units digit of 1739?
9
What is the thousands digit of 55757?
5
What is the hundreds digit of 8257?
2
What is the hundreds digit of 152?
1
What is the tens digit of 4473?
7
What is the thousands digit of 39155?
9
What is the tens digit of 27928?
2
What is the units digit of 953?
3
What is the hundreds digit of 4942?
9
What is the hundred thousands digit of 169806?
1
What is the thousands digit of 28618?
8
What is the tens digit of 5188?
8
What is the units digit of 1084?
4
What is the units digit of 8913?
3
What is the thousands digit of 111431?
1
What is the thousands digit of 1023?
1
What is the hundreds digit of 17401?
4
What is the tens digit of 15534?
3
What is the tens digit of 102?
0
What is the tens digit of 2004?
0
What is the tens digit of 1819?
1
What is the hundreds digit of 6861?
8
What is the thousands digit of 15272?
5
What is the tens digit of 6719?
1
What is the units digit of 5261?
1
What is the thousands digit of 81835?
1
What is the units digit of 256?
6
What is the ten thousands digit of 34534?
3
What is the units digit of 2005?
5
What is the hundreds digit of 52927?
9
What is the hundreds digit of 16759?
7
What is the hundreds digit of 9254?
2
What is the units digit of 637?
7
What is the units digit of 3177?
7
What is the hundreds digit of 3710?
7
What is the units digit of 14425?
5
What is the tens digit of 3768?
6
What is the hundreds digit of 2817?
8
What is the tens digit of 62688?
8
What is the tens digit of 53762?
6
What is the tens digit of 14983?
8
What is the tens digit of 8018?
1
What is the thousands digit of 3056?
3
What is the thousands digit of 18314?
8
What is the tens digit of 812?
1
What is the hundreds digit of 1549?
5
What is the tens digit of 9963?
6
What is the hundreds digit of 15613?
6
What is the tens digit of 7919?
1
What is the hundreds digit of 57808?
8
What is the tens digit of 967?
6
What is the tens digit of 485?
8
What is the units digit of 1202?
2
What is the units digit of 27222?
2
What is the tens digit of 11317?
1
What is the thousands digit of 21167?
1
What is the thousands digit of 1329?
1
What is the units digit of 2803?
3
What is the tens digit of 3405?
0
What is the tens digit of 23320?
2
What is the tens digit of 8029?
2
What is the thousands digit of 1229?
1
What is the hundreds digit of 31670?
6
What is the hundred thousands digit of 125580?
1
What is the thousands digit of 7117?
7
What is the tens digit of 1613?
1
What is the hundreds digit of 28455?
4
What is the tens digit of 314?
1
What is the thousands digit of 12160?
2
What is the units digit of 125?
5
What is the tens digit of 1392?
9
What is the thousands digit of 4453?
4
What is the units digit of 11852?
2
What is the units digit of 7121?
1
What is the units digit of 423?
3
What is the tens digit of 466?
6
What is the thousands digit of 8002?
8
What is the thousands digit of 2187?
2
What is the hundreds digit of 1616?
6
What is the units digit of 910?
0
What is the tens digit of 34217?
1
What is the hundreds digit of 769?
7
What is the tens digit of 5525?
2
What is the tens digit of 74138?
3
What is the tens digit of 6509?
0
What is the thousands digit of 128047?
8
What is the hundreds digit of 1709?
7
What is the units digit of 389?
9
What is the tens digit of 1463?
6
What is the thousands digit of 1829?
1
What is the units digit of 85696?
6
What is the thousands digit of 30250?
0
What is the units digit of 153?
3
What is the units digit of 7318?
8
What is the thousands digit of 1025?
1
What is the units digit of 4536?
6
What is the units digit of 2804?
4
What is the hundreds digit of 159?
1
What is the units digit of 7914?
4
What is the units digit of 90792?
2
What is the units digit of 5584?
4
What is the hundred thousands digit of 110238?
1
What is the tens digit of 11578?
7
What is the units digit of 32940?
0
What is the hundreds digit of 52814?
8
What is the tens digit of 1565?
6
What is the tens digit of 47456?
5
What is the hundreds digit of 255?
2
What is the tens digit of 4032?
3
What is the units digit of 21309?
9
What is the units digit of 55304?
4
What is the ten thousands digit of 18422?
1
What is the thousands digit of 44976?
4
What is the hundreds digit of 2932?
9
What is the thousands digit of 34319?
4
What is the units digit of 9550?
0
What is the units digit of 2335?
5
What is the thousands digit of 31981?
1
What is the units digit of 1470?
0
What is the ten thousands digit of 66398?
6
What is the hundreds digit of 20007?
0
What is the tens digit of 40727?
2
What is the units digit of 2385?
5
What is the units digit of 1529?
9
What is the units digit of 1727?
7
What is the units digit of 1882?
2
What is the units digit of 13947?
7
What is the ten thousands digit of 18827?
1
What is the thousands digit of 21027?
1
What is the units digit of 620?
0
What is the hundreds digit of 15854?
8
What is the ten thousands digit of 53285?
5
What is the ten thousands digit of 42280?
4
What is the hundreds digit of 34895?
8
What is the units digit of 12828?
8
What is the hundreds digit of 749?
7
What is the ten thousands digit of 27543?
2
What is the thousands digit of 54797?
4
What is the hundreds digit of 438?
4
What is the units digit of 12330?
0
What is the thousands digit of 3289?
3
What is the units digit of 109016?
6
What is the tens digit of 43765?
6
What is the tens digit of 2672?
7
What is the units digit of 36101?
1
What is the tens digit of 34167?
6
What is the hundreds digit of 1823?
8
What is the thousands digit of 2543?
2
What is the tens digit of 531?
3
What is the units digit of 166203?
3
What is the units digit of 2244?
4
What is the tens digit of 6304?
0
What is the tens digit of 569?
6
What is the hundreds digit of 23554?
5
What is the units digit of 100676?
6
What is the hundreds digit of 1855?
8
What is the thousands digit of 18616?
8
What is the thousands digit of 5166?
5
What is the thousands digit of 1537?
1
What is the units digit of 98?
8
What is the tens digit of 2022?
2
What is the units digit of 29202?
2
What is the tens digit of 8015?
1
What is the hundreds digit of 713?
7
What is the tens digit of 2646?
4
What is the hundreds digit of 3419?
4
What is the ten thousands digit of 31602?
3
What is the ten thousands digit of 13275?
1
What is the ten thousands digit of 13218?
1
What is the thousands digit of 28271?
8
What is the tens digit of 21702?
0
What is the units digit of 2097?
7
What is the units digit of 46922?
2
What is the units digit of 28176?
6
What is the tens digit of 631?
3
What is the thousands digit of 13856?
3
What is the units digit of 7518?
8
What is the tens digit of 585?
8
What is the ten thousands digit of 69738?
6
What is the tens digit of 67678?
7
What is the hundreds digit of 2982?
9
What is the tens digit of 28?
2
What is the thousands digit of 34150?
4
What is the hundreds digit of 4205?
2
What is the units digit of 53?
3
What is the hundreds digit of 759?
7
What is the ten thousands digit of 54064?
5
What is the ten thousands digit of 13596?
1
What is the units digit of 41684?
4
What is the hundreds digit of 20134?
1
What is the hundreds digit of 1927?
9
What is the thousands digit of 5830?
5
What is the units digit of 77938?
8
What is the tens digit of 1191?
9
What is the ten thousands digit of 124827?
2
What is the tens digit of 694?
9
What is the units digit of 30640?
0
What is the tens digit of 1144?
4
What is the thousands digit of 4116?
4
What is the hundreds digit of 372?
3
What is the tens digit of 19692?
9
What is the hundreds digit of 30360?
3
What is the thousands digit of 34322?
